
Let s = -24 + 30. Let z be ((-6)/(-4))/((-6)/16). Let y be (12 - 0)*(-22)/z. Calculate the greatest common divisor of y and s.
6
Let z(a) = -6*a + 1. Let q be z(1). Let h(w) = 2*w**2 + 6*w - 6. Let s be h(q). Let b = 28 + 0. What is the greatest common factor of b and s?
14
Suppose -5*c = -51 + 21. What is the greatest common divisor of c and 54?
6
Let o be 15 - -7 - (-4)/2. Suppose 5*w + n - 100 = 12, 0 = -2*w + 3*n + 55. Let x = w + -11. What is the greatest common factor of o and x?
12
Let l = 9 - -46. Calculate the greatest common factor of 5 and l.
5
Suppose 225 = 3*x - 6*x. Let u = -42 - x. What is the greatest common factor of u and 3?
3
Let c(p) = p**3 + 8*p**2 + 6*p - 3. Let l be c(-7). Suppose -15 = s - l*s. Suppose -6*k + 88 + 242 = 0. Calculate the greatest common divisor of s and k.
5
Suppose 3*k - 14 = -5*t, 0 = k - 5*t - 3 + 5. Let v(g) = -3 - 2 - g**2 + 1 + 5*g. Let h be v(k). What is the highest common factor of h and 6?
2
Let r = 11 - 7. Suppose -t = 4*j, 4*t + 6*j = r*j - 28. Let f = t - -20. What is the greatest common factor of f and 3?
3
Let b = -4 + 6. Suppose -3*f = b*f - 220. Let h = -43 - -47. What is the highest common factor of h and f?
4
Let g(x) = -x**3 + 8*x**2 - 3*x - 17. Let f be g(7). Calculate the highest common divisor of 11 and f.
11
Let p = -74 - -164. Let o(u) = 9*u + 1. Suppose 2 = 4*d - 3*l + 1, -2*d + 3 = l. Let s be o(d). What is the highest common factor of p and s?
10
Suppose 4*w = 5*w - 2. Suppose -15 + 94 = 3*b + j, 5*b = w*j + 117. What is the highest common divisor of b and 275?
25
Suppose -19 = -n - 4*d - 0, -2*d - 57 = -3*n. Let v(l) = -4*l**2 - 10*l + 3. Let y be v(-5). Let f = 180 + y. Calculate the greatest common divisor of f and n.
19
Let z be 0 + -1 + 2 + 2. Suppose 8*s = 4*s - 16. Let c be 4*-4*z/s. Calculate the greatest common factor of 84 and c.
12
Let h(r) = -r**3 - 2*r**2 + 6*r + 20. Let x be h(-5). Calculate the greatest common divisor of x and 13.
13
Let j(c) = -c**3 + 6*c**2 - 2*c. Let k be j(3). Calculate the greatest common factor of k and 231.
21
Suppose -2*k - 2*k = -100. Suppose s - 157 = -k. What is the highest common factor of 12 and s?
12
Let i be 2*1/(-3)*-27. Let j = -13 + i. What is the highest common factor of 5 and j?
5
Suppose 4*d + 2*z = 5*d - 161, 3*d - 469 = -z. Let r = d - 103. What is the greatest common factor of r and 36?
18
Let r be 0/(-1) + 0/(-1). Let l(j) = -j**3 + j + 7. Let s be l(r). Suppose s = 3*i - 17. What is the highest common divisor of i and 72?
8
Suppose -327 = -7*q + 30. What is the greatest common divisor of 17 and q?
17
Suppose -2 = -b + 8. Suppose -2*q = -36 + b. Calculate the highest common factor of q and 39.
13
Let j(f) = -5*f - 1 + 3 + 1 + 11*f. Let o be j(6). What is the highest common divisor of 26 and o?
13
Suppose 3*l = 39 + 42. Let b = l - 10. What is the highest common factor of b and 34?
17
Suppose -17*d = -18*d + 20. What is the greatest common divisor of 30 and d?
10
Let b be 36/24*(-12)/(-2). Calculate the highest common divisor of b and 9.
9
Let r be 62 - (-4)/(-2)*1. Let m(a) = -2*a - 2. Let s be m(-3). Suppose -s*p - 25 - 3 = -3*f, 3*f - 3*p = 30. Calculate the highest common divisor of f and r.
12
Let d(k) = 3*k**2 + 6*k + 7. Let w be d(-5). Calculate the highest common factor of 26 and w.
26
Suppose 43 = 2*f - 3. Calculate the highest common factor of f and 115.
23
Let n(j) = 1 + j + 0 + 0. Let l(c) = -3*c - 6. Let y(z) = -l(z) - 4*n(z). Let h be y(0). Calculate the highest common divisor of h and 6.
2
Let i(p) = -p + 16. Let s be i(15). What is the highest common factor of s and 1?
1
Suppose 2*c - c + 36 = 0. Let d = -9 - c. Let g be (-16)/(1 + -3) - -1. Calculate the greatest common factor of d and g.
9
Let f be (1/1)/((-1)/4). Let s be f/(-42)*-3*-14. What is the greatest common divisor of s and 40?
4
Suppose -5*l + 8 = -7. Let o(n) = -n + 11. Let u be o(8). Suppose -4*z + 3*m = -2*z - 11, u*m = 3*z - 12. Calculate the highest common divisor of z and l.
1
Suppose -q + 8*q = 35. Calculate the greatest common factor of q and 55.
5
Suppose -11*f - 11*f + 88 = 0. Let s be (-2)/4 + (-89)/(-2). What is the greatest common divisor of f and s?
4
Suppose 2*t - 7*q + 2*q = -1, -2*q + 10 = 4*t. Let n(x) = 29*x + 2. Let p be n(t). Calculate the highest common factor of p and 24.
12
Let c(o) = 3*o**2 - 2*o + 10. Let m be c(0). What is the highest common factor of m and 220?
10
Let i = -156 - -226. Suppose -35 = -2*t - 3*t. Suppose -w + 0*w = -t. Calculate the highest common divisor of i and w.
7
Let v(n) = -3*n + 6. Let o be v(-8). What is the greatest common divisor of o and 150?
30
Let o = 4 - -6. Calculate the greatest common factor of 90 and o.
10
Suppose 0 = 4*u - 69 + 5. Let k be 0/8*2/(-6). Suppose k*q = 5*q - 200. What is the greatest common factor of q and u?
8
Let w(b) = 1 - 1 - 50*b. Let j be w(-1). What is the greatest common divisor of 10 and j?
10
Suppose 80 = -0*o + o. Let g = -34 + 50. What is the greatest common divisor of g and o?
16
Let h(m) = -3*m**3 - 2*m**2 + m + 1. Let p be h(-2). Suppose f + 4 = p. Suppose 0 = o + f - 47. What is the highest common divisor of o and 4?
4
Let p be 1/(-4) - 73/(-4). Let c(w) = -w**3 + 5*w**2 - 2*w + 3. Let r be c(6). Let i = 90 + r. Calculate the greatest common divisor of i and p.
9
Let s be 8*2/6*3. Let j(h) = -h**2 - 2*h - 1. Let i be j(-6). Let x = i + 45. What is the highest common divisor of x and s?
4
Suppose 6*u + 4*r - 20 = 2*u, -3*r = -2*u + 35. Let v be 1*u/6*3. What is the highest common divisor of 10 and v?
5
Let c = 1 + 3. Suppose v + 3*r + c = 0, 0*v + 3*v - 3*r = 24. What is the greatest common factor of 20 and v?
5
Suppose 0 = 8*d - 3*d - 40. Let a = -3 + 6. Suppose -n + 3*b = -12, b = 5*n + a*b - 128. Calculate the greatest common factor of d and n.
8
Let l = 147 + -102. Let d = 12 + 6. What is the highest common divisor of l and d?
9
Let l be (66/15)/(2/10). Suppose 8*g - 10 = 3*g. What is the highest common factor of g and l?
2
Suppose 2*s + 26 = 2*k + 6*s, 24 = 3*k + s. Let z be 2/k - (-341)/7. What is the greatest common divisor of 7 and z?
7
Let s be 13 + (-2)/4 + 27/(-18). What is the greatest common divisor of 33 and s?
11
Let j be (6/(-3) + 7)*18/10. What is the greatest common divisor of j and 15?
3
Suppose -3*o + o + 4*h = 6, -3*h + 24 = 5*o. Let v be 2/o - 4/(-3). Suppose v*x = 6*x - 32. Calculate the highest common factor of 8 and x.
8
Let n(q) = -q**2 - 7*q + 4. Let w be n(-6). Let l be (-2)/(-4) - (-95)/w. Calculate the highest common divisor of l and 5.
5
Suppose 3*n - 5*b - 57 = 0, -n + 45 = 4*b + 9. Let f be ((-120)/25)/(54/15 + -4). What is the highest common factor of f and n?
12
Suppose w = 4*w. Suppose 0 = 2*y, 4*q - 60 = -2*y - w*y. What is the greatest common divisor of q and 3?
3
Suppose -3 = -4*j + 9. Let o be ((-1)/2)/(j/(-48)). Calculate the greatest common divisor of 88 and o.
8
Suppose -3*x - 6 + 27 = 0. Let t = x + 2. Let k(b) = -b**2 - 5*b + 3. Let w be k(-3). What is the highest common factor of w and t?
9
Let t be (-9)/3 - -27*1. Calculate the highest common divisor of t and 8.
8
Suppose -q + 2 + 2 = 0. Let z = 180 + -176. What is the greatest common divisor of z and q?
4
Let o(u) = 66*u - 2. Let z be o(3). Let h = 287 - z. Calculate the greatest common factor of h and 13.
13
Suppose j - 18 = 3*j. Let p(q) = -q**3 - 8*q**2 + 5*q - 13. Let u be p(j). Calculate the highest common divisor of u and 161.
23
Let s(v) = v**3 + 11*v**2 + 2. Let t be s(-11). Let w(f) = 12*f**3 - 3*f**2 + 3*f - 2. Let y be w(t). What is the highest common divisor of y and 22?
22
Let d(y) = -y**2 + 3*y + 4. Let b be d(4). Let w = b - -4. Let k be (-36)/(-8)*1*w. Calculate the highest common divisor of k and 9.
9
Suppose -f + 12 = -5. Let r = 35 - f. What is the greatest common divisor of r and 54?
18
Suppose 4 = -3*y + 25. Let i be (-6)/(-8) + 11 + 745/20. What is the greatest common divisor of i and y?
7
Let m = -55 - -65. What is the highest common factor of 130 and m?
10
Suppose 0 = s - 22 + 9. Let y be (-1)/(1*(-3)/15). Let g = y - -99. What is the greatest common factor of s and g?
13
Let c be 4*-4*4/(-32). Suppose 670 = 5*k + 180. Suppose r + k = 5*y - 3*r, 0 = 3*r - 9. What is the greatest common factor of y and c?
2
Suppose 0 = -n + 3 - 0. 